2244579368?
8
What is the hundred millions digit of 1893550881?
8
What is the millions digit of 70616219?
0
What is the units digit of 3594602363?
3
What is the billions digit of 1854787876?
1
What is the hundred thousands digit of 46684729?
6
What is the ten millions digit of 46736579?
4
What is the hundreds digit of 482965467?
4
What is the tens digit of 195028147?
4
What is the millions digit of 187495123?
7
What is the tens digit of 242842237?
3
What is the millions digit of 156252216?
6
What is the hundred millions digit of 3330738447?
3
What is the millions digit of 2790209622?
0
What is the thousands digit of 13016956?
6
What is the thousands digit of 24975151?
5
What is the ten thousands digit of 730276079?
7
What is the ten thousands digit of 498680896?
8
What is the ten thousands digit of 1016098487?
9
What is the hundred millions digit of 6632628246?
6
What is the ten millions digit of 2653577097?
5
What is the tens digit of 25769284?
8
What is the tens digit of 359687575?
7
What is the hundred millions digit of 258624509?
2
What is the ten millions digit of 14828972?
1
What is the ten thousands digit of 394062711?
6
What is the hundred thousands digit of 114173943?
1
What is the ten millions digit of 5755927125?
5
What is the units digit of 2546723418?
8
What is the units digit of 4461028?
8
What is the millions digit of 29536800?
9
What is the thousands digit of 42170569?
0
What is the hundred thousands digit of 1086375458?
3
What is the thousands digit of 11683218?
3
What is the ten thousands digit of 5797339630?
3
What is the hundred thousands digit of 4031668?
0
What is the millions digit of 109132677?
9
What is the hundred millions digit of 281634420?
2
What is the units digit of 287228411?
1
What is the tens digit of 1907062717?
1
What is the hundreds digit of 67027725?
7
What is the units digit of 1609201489?
9
What is the billions digit of 3945368814?
3
What is the hundred thousands digit of 535685992?
6
What is the hundred thousands digit of 947008230?
0
What is the thousands digit of 972520203?
0
What is the units digit of 370363625?
5
What is the ten millions digit of 2440295033?
4
What is the ten thousands digit of 282592784?
9
What is the hundred millions digit of 2404155444?
4
What is the millions digit of 1065646554?
5
What is the ten millions digit of 175336127?
7
What is the hundred thousands digit of 53268887?
2
What is the hundreds digit of 60777303?
3
What is the ten millions digit of 47238713?
4
What is the units digit of 61489192?
2
What is the units digit of 3432360822?
2
What is the tens digit of 46851105?
0
What is the ten millions digit of 50107241?
5
What is the ten millions digit of 115019836?
1
What is the ten millions digit of 185895594?
8
What is the millions digit of 4769704948?
9
What is the units digit of 1628822?
2
What is the ten thousands digit of 1424196976?
9
What is the hundred thousands digit of 627245737?
2
What is the tens digit of 87588955?
5
What is the thousands digit of 2595149?
5
What is the millions digit of 11508508?
1
What is the tens digit of 2499266733?
3
What is the ten thousands digit of 3134012294?
1
What is the units digit of 20487495?
5
What is the hundreds digit of 13867569?
5
What is the hundred millions digit of 1235317591?
2
What is the ten thousands digit of 711411618?
1
What is the hundred thousands digit of 3677626056?
6
What is the hundreds digit of 368169341?
3
What is the tens digit of 20726181?
8
What is the units digit of 19963231?
1
What is the billions digit of 1542410594?
1
What is the units digit of 6697069999?
9
What is the hundreds digit of 100858205?
2
What is the hundreds digit of 307890184?
1
What is the millions digit of 289731941?
9
What is the millions digit of 350427071?
0
What is the units digit of 429916611?
1
What is the units digit of 723720826?
6
What is the hundred millions digit of 1417473905?
4
What is the hundreds digit of 28011913?
9
What is the ten millions digit of 114553269?
1
What is the thousands digit of 229994110?
4
What is the thousands digit of 429359189?
9
What is the tens digit of 1029818150?
5
What is the hundred thousands digit of 54339130?
3
What is the units digit of 1375915934?
4
What is the millions digit of 121338150?
1
What is the millions digit of 13741157?
3
What is the hundreds digit of 302908126?
1
What is the hundred millions digit of 3968595880?
9
What is the units digit of 1797386159?
9
What is the hundreds digit of 877140123?
1
What is the hundred thousands digit of 406910520?
9
What is the ten thousands digit of 34045300?
4
What is the ten thousands digit of 51463693?
6
What is the units digit of 74178514?
4
What is the hundred millions digit of 120302394?
1
What is the ten millions digit of 127627795?
2
What is the tens digit of 736016298?
9
What is the units digit of 28016487?
7
What is the hundreds digit of 797670553?
5
What is the tens digit of 376261254?
5
What is the thousands digit of 500328557?
8
What is the ten thousands digit of 4576776298?
7
What is the hundred thousands digit of 224049959?
0
What is the hundreds digit of 1000338977?
9
What is the thousands digit of 3779890388?
0
What is the tens digit of 760996090?
9
What is the hundreds digit of 1442160533?
5
What is the units digit of 701236937?
7
What is the units digit of 15808002?
2
What is the ten millions digit of 62611760?
6
What is the hundred thousands digit of 191026733?
0
What is the hundred thousands digit of 161414084?
4
What is the tens digit of 49799070?
7
What is the millions digit of 29209118?
9
What is the tens digit of 699556557?
5
What is the hundreds digit of 1950425232?
2
What is the thousands digit of 991839470?
9
What is the hundred millions digit of 1392911884?
3
What is the thousands digit of 59751742?
1
What is the millions digit of 227347484?
7
What is the tens digit of 4213791?
9
What is the units digit of 56616048?
8
What is the hundred millions digit of 1238389438?
2
What is the millions digit of 643071601?
3
What is the thousands digit of 3193151278?
1
What is the hundred thousands digit of 57642404?
6
What is the units digit of 70781789?
9
What is the millions digit of 404008041?
4
What is the millions digit of 643388865?
3
What is the millions digit of 43564793?
3
What is the ten millions digit of 258240011?
5
What is the tens digit of 177731023?
2
What is the thousands digit of 1293352380?
2
What is the ten thousands digit of 157588490?
8
What is the thousands digit of 278319696?
9
What is the thousands digit of 6858453?
8
What is the hundred thousands digit of 4232480417?
4
What is the millions digit of 210647266?
0
What is the thousands digit of 21620364?
0
What is the tens digit of 573534656?
5
What is the thousands digit of 3255541308?
1
What is the ten thousands digit of 44625976?
2
What is the millions digit of 69332888?
9
What is the hundreds digit of 50785516?
5
What is the units digit of 874553056?
6
What is the hundred millions digit of 717652466?
7
What is the ten millions digit of 1935991341?
3
What is the tens digit of 86302336?
3
What is the ten thousands digit of 4159646289?
4
What is the hundred thousands digit of 511227599?
2
What is the tens digit of 2205625417?
1
What is the tens digit of 125386239?
3
What is the millions digit of 1133685019?
3
What is the tens digit of 79497766?
6
What is the hundred millions digit of 1412570843?
4
What is the millions digit of 11561639?
1
What is the ten millions digit of 659642307?
5
What is the ten millions digit of 404136871?
0
What is the units digit of 50633844?
4
What is the billions digit of 4226041677?
4
What is the units digit of 318079828?
8
What is the hundred thousands digit of 1936425516?
4
What is the ten millions digit of 580464063?
8
What is the ten millions digit of 1960581415?
6
What is the tens digit of 1039592745?
4
What is the millions digit of 86204460?
6
What is the hundred millions digit of 3033621902?
0
What is the units digit of 164687989?
9
What is the ten thousands digit of 292779675?
7
What is the billions digit of 7008972736?
7
What is the thousands digit of 87263606?
3
What is the hundred thousands digit of 277264604?
2
What is the ten millions digit of 63673364?
6
What is the thousands digit of 73888053?
8
What is the hundred